 = -4*k. Let m(g) = k + 0 - 3 + g - 3. Give m(-2).
-3
Suppose 9*n = 5*n + 8. Let a(r) = -3*r + 2*r + n*r + 5*r**2 - 4*r**2. Let k(w) = -w**2 - 6*w - 5. Let t be k(-5). Calculate a(t).
0
Let d(r) be the first derivative of -5*r**2/2 + 4*r - 192. Calculate d(9).
-41
Let u(l) = l**3 + 8*l**2 - 5*l + 9. Suppose 3*r + 2*n - n + 24 = 0, -2*r - 3 = 5*n. Determine u(r).
-27
Let n = -3 - -9. Let f(c) = -3*c - 14. Suppose 2 - 10 = -2*m. Let t(u) = -4*u - 15. Let r(g) = m*t(g) - 5*f(g). Determine r(n).
4
Let i(w) = w**2 - 10*w - 112. Let y be i(-7). Let x(r) = -r - 20. Let s(f) = 2*f + 30. Let q(z) = 5*s(z) + 8*x(z). What is q(y)?
4
Let b(d) = d**3 + 9*d**2 + 10*d + 12. Let r be (224/(-35))/(2/(-10)). Suppose 0 = 3*f + f + r. What is b(f)?
-4
Let k(i) = i - 1. Let c be 1/(1 - (-500)/(-504)). Let x(l) = -10 + 127*l - c*l + 0. Let p(t) = 3*k(t) - x(t). What is p(-5)?
-3
Suppose n + 28 = 4*k, -3 + 29 = -5*n + k. Let t(q) = -q**3 - 2*q**2 - q**2 - 2*q**2 - 4*q. Determine t(n).
0
Let n(m) = 2*m**2 - m - 6. Let a(f) = 2*f**2 - f - 8. Let k(z) = -5*a(z) + 4*n(z). Calculate k(0).
16
Let p(n) = 2*n + 8. Let r(v) = -v - 5. Suppose -9 = 6*o + 39. Let y(a) = o*r(a) - 5*p(a). Suppose -4*t + 2*w = -2*w - 16, 5*t + w = 2. Give y(t).
-2
Suppose -2*h - 5 = -9. Let f(g) = 33*g - 2 - 21*g - 11*g. Give f(h).
0
Let b(x) = -x**3 + 7*x**2 - x - 7. Let o(r) = r**3 - 6*r**2 + 6. Suppose 0 = -k - 4, -28 = 4*z + 3*k. Let j(a) = z*o(a) - 3*b(a). Give j(3).
6
Let i(d) be the third derivative of 0*d - 13/6*d**3 + 1/24*d**4 + 0 + 10*d**2. Calculate i(11).
-2
Let h = 1895 - 1897. Let m(k) = 2*k**2 + 3*k + 3. What is m(h)?
5
Suppose 0 = 16*k + 5 + 11. Let f(q) = -7*q**2 - q + 4. Let x(s) = 6*s**2 + s - 5. Let g(w) = -5*f(w) - 4*x(w). Determine g(k).
10
Suppose 49 = -5*l - b, 5*l - 5*b + 25 = -0*b. Let a = l + 12. Let d(i) = -5*i**2 + i**2 + 3*i**3 + 3 - 2*i**3. What is d(a)?
-6
Let w(n) = -2*n**2 - 21*n - 4. Let z(a) = -6*a**2 - 61*a - 17. Let l(q) = -7*w(q) + 2*z(q). Give l(-12).
-18
Suppose 0*m = -5*m + 10, -4*r - 5*m - 14 = 0. Let q = 8 + -9. Let x(l) = l - 7. Let p(u) = -1. Let w(d) = q*x(d) + 5*p(d). Give w(r).
8
Suppose -4*p + 3*c + 2 = -10, -5*p + c + 15 = 0. Let l(m) = -m**2 - m + 10. What is l(p)?
-2
Suppose 259 = -53*b + 948. Let n(y) = -y**3 + 13*y**2 + y - 22. Determine n(b).
-9
Let m(b) = -2*b**2 + 17*b - 25. Let f be m(6). Let x be -2*(-2)/(-4)*-2. Let k(c) = -c**2 + 6 - x*c + 0*c + 7*c. Determine k(f).
6
Let n(f) = 2*f - 5. Let u(q) = 5*q**2 - 32*q + 5. Let w be u(6). Calculate n(w).
-19
Suppose 6*r = -8*r + 19*r. Let u(i) = -i + 23. Determine u(r).
23
Suppose 4*y + 41 = 7*y - 4*h, -29 = -2*y + h. Let u(v) = -3*v**2 + 44*v + 18. What is u(y)?
3
Let l(d) = d**2 - 4*d + 2. Let r(q) = -3*q**2 - 71*q - 50. Let a be r(-23). What is l(a)?
34
Let p(h) = 9*h + 9. Let n(g) = -26*g - 26. Suppose 3*l - 45 = 3*o, -41 = 4*o - o - 5*l. Let t(w) = o*p(w) - 6*n(w). Determine t(3).
12
Suppose -4*c + 0*c = -16. Suppose 2*p + 33 + 26 = -5*f, -p - c*f - 28 = 0. Let x = -29 - p. Let d(m) = -5*m + 2. Determine d(x).
-13
Let i = 13 - 9. Suppose 1 + 7 = i*q. Let c be 2 + -1 - 10/q. Let a(j) = j. What is a(c)?
-4
Let g(q) = 16*q - 1. Let b(m) = -4*m**3 + 38*m**2 - 16*m - 19. Let t be b(9). Give g(t).
-17
Let k(z) = -3*z**3 - 11*z**2 + z - 5. Let c = 10 - 14. Let a(w) = w**3 + w**2 + w. Let p(s) = c*a(s) - k(s). Let g = 40 - 34. What is p(g)?
11
Let g(s) = -43 + 41 + 3*s**2 - 4*s**2 + 5*s. Let h be g(2). Suppose 2 = 5*d - q, 2*q + 10 = -h*d - 3*q. Let j(l) = -l - 14. What is j(d)?
-14
Let q(x) = x**2 + 3*x + 8. Let v = 74 - 77. Let n(k) = -k. Let s(t) = -2*t**2 - 16. Let l(u) = -5*n(u) - s(u). Let b(o) = v*l(o) + 5*q(o). Calculate b(0).
-8
Let b(v) be the second derivative of -5*v**5/2 + v**3/6 + 141*v. Give b(1).
-49
Let w(h) be the second derivative of -h**6/60 + h**5/40 - h**4/12 + 3*h**3/2 - 16*h. Let m(z) be the second derivative of w(z). What is m(2)?
-20
Let y be (2/5)/(2/(-10)). Let b be y/(-1 + (-1)/(-2)). Let o(i) be the second derivative of -i**5/20 + 5*i**4/12 - i**3/2 - i**2/2 + 8*i. Give o(b).
3
Let v(k) = -5 + 3*k**2 - 4*k**2 + 0 + 0*k**2. Let u be 24/(-6) - (-8)/2. Let y be v(u). Let a(f) = -f**3 - 6*f**2 - 8*f - 3. What is a(y)?
12
Suppose -10 = 6*k + 4*k. Let b(q) be the second derivative of -q**4/12 - q**3/6 + 2*q. Determine b(k).
0
Let n(f) be the third derivative of -1/60*f**5 + 7/24*f**4 + 0 + 0*f**3 + 0*f + 17*f**2. What is n(6)?
6
Let c(q) be the second derivative of q**5/20 + q**4/6 - q**3/6 + q**2/2 + 2*q - 12. Suppose h + 1 = 6. Suppose -2*t + h*j = 19, -2*j = -3*j + 3. What is c(t)?
3
Let f(k) be the first derivative of k**6/120 - k**5/12 + 5*k**4/24 - k**3/2 + 5*k**2 + 1. Let s(i) be the second derivative of f(i). Give s(4).
1
Let i = 2 - -11. Let a(s) be the first derivative of 2*s**3/3 + 4*s**2 + 8*s + 4. Let b(g) = -g**2 - 4*g - 4. Let j(q) = i*b(q) + 6*a(q). Determine j(-3).
-1
Let s(h) = -22*h - 6 + 1 - 6 + 0 + 23*h. What is s(7)?
-4
Let v be 14/(-77) + 20/(-11). Let h(c) = -10*c + 13*c - 5*c - 3. Determine h(v).
1
Let r(i) = -2 - 9 + i + 9 - 1. Let p(h) = -12*h + 30. Let t(y) = 2*p(y) + 21*r(y). What is t(-3)?
6
Let z(f) = f**2 + 7*f. Let h(u) = u**3 - 2*u**2 - 11*u + 6. Let n be 2 - (2 - 1)*(-10 - -8). Let d be h(n). Calculate z(d).
-6
Let t(u) = u**2 - 5*u + 2. Suppose 32*c + 71 = 295. Determine t(c).
16
Suppose -2*o + 3 = -5*o. Suppose -7*i = -2*i - 335. Let k(g) = 67*g - 7*g**2 - i*g. What is k(o)?
-7
Let l(f) = -3*f**3 + 7*f**2 + 10*f + 6. Let x(r) = r**3 - 2*r**2 - 3*r - 2. Let v(d) = 2*l(d) + 7*x(d). Suppose 39*g = -14*g. Determine v(g).
-2
Let a(n) = -5*n + 2. Let v be a(-3). Let b(k) = -3*k**3 - 11*k**2 + 3*k - 17. Let l(u) = u**3 + 4*u**2 - u + 6. Let i(r) = v*l(r) + 6*b(r). Calculate i(2).
2
Let i = 1 - 4. Let y(x) be the second derivative of -x**4/4 - 5*x**3/6 - 2*x**2 + 458*x. What is y(i)?
-16
Let v be -2*(-2)/(-4)*-2. Suppose 0*p = v*p - 4. Suppose 0 = 5*n + 27 - p. Let m(i) = i**3 + 4*i**2 - 4*i + 5. Give m(n).
0
Let u(a) be the first derivative of 5*a**4/4 - a**3/3 - 2*a + 604. What is u(2)?
34
Suppose -q - 5*j - 3 = 0, -j + 7 = 4*q - 0*j. Suppose 0 = 3*c + q - 8. Let k(f) = -4 + 1 + 38*f**2 - 1 + 5*f - f**3 - 36*f**c. Calculate k(3).
2
Let z(u) be the third derivative of u**5/60 - 5*u**4/12 + 5*u**3/2 + 71*u**2 - 1. Calculate z(6).
-9
Let g(c) = c**3 - 8*c**2 - 3*c + 14. Suppose -3*j + 27 = 2*x + x, 5*x = 2*j - 11. Let q be g(j). Let s(i) = i**3 + 9*i**2 - 10*i + 9. Calculate s(q).
9
Let y(w) = 0*w - 3*w - 2 - 4*w + w - w**2 + 2*w. Determine y(-4).
-2
Let a(w) = -4*w**2 + 21*w - 1. Suppose -2*m = -5*p + 24, -m = 2*p - 2 + 5. Let t(v) = 2*v**2 - 10*v + 1. Let x(z) = m*t(z) - 3*a(z). Give x(4).
-8
Let i(h) = 11*h**2 - 6*h**2 - 3*h**2. Suppose 48 = 2*p - f - 3, -2*p + 57 = 5*f. Suppose -3*z + 5*m + 0*m = p, z = 3*m - 14. What is i(z)?
8
Let m(n) = n + 13. Let z = -620 + 615. Give m(z).
8
Let b(d) = 40*d**2 - 1 - 5*d - d - 24*d**2 + 4*d. What is b(-1)?
17
Let l(c) = -c + 3. Let h be l(-6). Suppose 0 = 5*z + v - 1, -z + 2*z - h = 2*v. Let n(o) = 2*o**2 + o - 1. Determine n(z).
2
Let w(p) = 4*p**2 - 2*p + 3. Let l be w(2). Suppose 16*g = l*g - 4. Let c(v) = v**3 + 3*v**2 - 4*v - 4. Calculate c(g).
-4
Suppose 4*m - 16 = -0. Suppose 0 = -0*t + 4*t + m. Let x(a) = 46*a**3 - 86*a**3 + 45*a**3 - a - 1. Calculate x(t).
-5
Let g(t) be the first derivative of -8*t**3/3 - t + 10. Let k(n) be the first derivative of g(n). Give k(1).
-16
Let c(n) = -28*n**2 + 17*n - 13. Let x(z) = 7*z**2 - 4*z + 3. Suppose 3*s + 18 = -9. Let g(d) = s*x(d) - 2*c(d). Give g(1).
-6
Let m(u) be the second derivative of u**4/6 - 4*u**3/3 + 3*u**2/2 - u. Suppose 5*h - 45 = -4*z, 5*h + 28*z - 15 = 30*z. Determine m(h).
13
Let j(l) be the second derivative of -l**3/6 - 2*l**2 - l + 6. Determine j(-2).
-2
Let b(q) = q**3 + 7*q**2 - 5*q**2 + 6*q**2 + 9*q - 10 + 9*q**2 - 4*q**2. Calculate b(-12).
26
Let a = -539 - -547. Let j(b) = -b**2 + 10*b - 12. What is j(a)?
4
Suppose 5*k + 38 = 3*x, 2*x - 10 = 5*k + 22. Let f(i) = -i**2 + 2 - 3 + 1 + 7*i - 5. Give f(x).
1
Suppose -49 = -7*u - 0. Let i(s) = s**2 - 11*s - 6. What is i(u)?
-34
Let h(p) = -6*p**2 + 9*p + 3 + 5*p**2 - 4. Let i(r) = -r**2 + 33*r + 8. Let w be i(33). What is h(w)?
7
Let a(y) = 2*y + 9. Suppose 0 = 4*h - 5 + 1. Suppose 